{"id":296,"date":"2023-08-29T14:57:02","date_gmt":"2023-08-29T14:57:02","guid":{"rendered":"https:\/\/www.plantilla-7.colhost.andresbits.com\/?post_type=product&#038;p=296"},"modified":"2025-01-08T17:02:51","modified_gmt":"2025-01-08T17:02:51","slug":"papaya","status":"publish","type":"product","link":"https:\/\/www.tropicalscolombia.com.co\/?product=papaya","title":{"rendered":"PAPAYA DESHIDRATADA"},"content":{"rendered":"<p>La papaya deshidratada es un delicioso y nutritivo snack natural que conserva todo el sabor y los beneficios de esta fruta tropical en su forma m\u00e1s pura. Gracias a su proceso de deshidrataci\u00f3n, la papaya retiene sus nutrientes esenciales como fibra, vitaminas A, C y antioxidantes, pero en una versi\u00f3n pr\u00e1ctica y de larga duraci\u00f3n.<\/p>\n<p><strong>Beneficios:<\/strong><\/p>\n<ul>\n<li><strong>Aumenta las defensas:<\/strong> Gracias a su alto contenido de vitamina C.<\/li>\n<li><strong>Favorece la digesti\u00f3n:<\/strong> La papaya contiene enzimas naturales que ayudan a digerir prote\u00ednas y facilitan el proceso digestivo.<\/li>\n<li><strong>Cuidado ocular:<\/strong> Su vitamina A contribuye a la salud de tus ojos.<\/li>\n<li><strong>Energ\u00eda natural:<\/strong> Ideal como snack energ\u00e9tico para mantenerte activo durante el d\u00eda.<\/li>\n<\/ul>\n","protected":false},"excerpt":{"rendered":"<p>Perfecta para quienes buscan un snack saludable, pr\u00e1ctico y delicioso. \u00a1A\u00f1ade papaya deshidratada a tu d\u00eda y disfruta de sus beneficios naturales!<\/p>\n<ul>\n<li>KILO 54.750<\/li>\n<li>LIBRA 28.000<\/li>\n<li>SNACK 30gr 2.200<\/li>\n<\/ul>\n","protected":false},"featured_media":485,"comment_status":"closed","ping_status":"closed","template":"","meta":[],"product_brand":[],"product_cat":[24],"product_tag":[],"class_list":{"0":"post-296","1":"product","2":"type-product","3":"status-publish","4":"has-post-thumbnail","6":"product_cat-frutas-deshidratadas","8":"first","9":"instock","10":"shipping-taxable","11":"purchasable","12":"product-type-simple"},"_links":{"self":[{"href":"https:\/\/www.tropicalscolombia.com.co\/index.php?rest_route=\/wp\/v2\/product\/296","targetHints":{"allow":["GET"]}}],"collection":[{"href":"https:\/\/www.tropicalscolombia.com.co\/index.php?rest_route=\/wp\/v2\/product"}],"about":[{"href":"https:\/\/www.tropicalscolombia.com.co\/index.php?rest_route=\/wp\/v2\/types\/product"}],"replies":[{"embeddable":true,"href":"https:\/\/www.tropicalscolombia.com.co\/index.php?rest_route=%2Fwp%2Fv2%2Fcomments&post=296"}],"wp:featuredmedia":[{"embeddable":true,"href":"https:\/\/www.tropicalscolombia.com.co\/index.php?rest_route=\/wp\/v2\/media\/485"}],"wp:attachment":[{"href":"https:\/\/www.tropicalscolombia.com.co\/index.php?rest_route=%2Fwp%2Fv2%2Fmedia&parent=296"}],"wp:term":[{"taxonomy":"product_brand","embeddable":true,"href":"https:\/\/www.tropicalscolombia.com.co\/index.php?rest_route=%2Fwp%2Fv2%2Fproduct_brand&post=296"},{"taxonomy":"product_cat","embeddable":true,"href":"https:\/\/www.tropicalscolombia.com.co\/index.php?rest_route=%2Fwp%2Fv2%2Fproduct_cat&post=296"},{"taxonomy":"product_tag","embeddable":true,"href":"https:\/\/www.tropicalscolombia.com.co\/index.php?rest_route=%2Fwp%2Fv2%2Fproduct_tag&post=296"}],"curies":[{"name":"wp","href":"https:\/\/api.w.org\/{rel}","templated":true}]}}